{"id":56,"date":"2023-07-28T22:06:18","date_gmt":"2023-07-28T20:06:18","guid":{"rendered":"https:\/\/os-sradic-im.skole.hr\/?page_id=56"},"modified":"2025-03-31T12:43:32","modified_gmt":"2025-03-31T10:43:32","slug":"skolski-odbor","status":"publish","type":"page","link":"https:\/\/os-sradic-im.skole.hr\/?page_id=56","title":{"rendered":"\u0160kolski odbor"},"content":{"rendered":"<p>[et_pb_section fb_built=&#8221;1&#8243; _builder_version=&#8221;4.25.0&#8243; _module_preset=&#8221;default&#8221; global_colors_info=&#8221;{}&#8221;][et_pb_row _builder_version=&#8221;4.25.0&#8243; _module_preset=&#8221;default&#8221; global_colors_info=&#8221;{}&#8221;][et_pb_column type=&#8221;4_4&#8243; _builder_version=&#8221;4.25.0&#8243; _module_preset=&#8221;default&#8221; global_colors_info=&#8221;{}&#8221;][et_pb_accordion _builder_version=&#8221;4.25.0&#8243; _module_preset=&#8221;default&#8221; hover_enabled=&#8221;0&#8243; sticky_enabled=&#8221;0&#8243;][et_pb_accordion_item title=&#8221;31.3.2025.&#8221; _builder_version=&#8221;4.25.0&#8243; _module_preset=&#8221;default&#8221; open=&#8221;on&#8221; hover_enabled=&#8221;0&#8243; sticky_enabled=&#8221;0&#8243;]<\/p>\n<p><a href=\"https:\/\/os-sradic-im.skole.hr\/wp-content\/uploads\/sites\/1345\/2025\/03\/Zapisnik-o-konacnim-rezultatima.pdf\" rel=\"attachment wp-att-297144\">Zapisnik o kona\u010dnim rezultatima<\/a><\/p>\n<p>[\/et_pb_accordion_item][\/et_pb_accordion][et_pb_accordion _builder_version=&#8221;4.25.0&#8243; _module_preset=&#8221;default&#8221; global_colors_info=&#8221;{}&#8221;][et_pb_accordion_item title=&#8221;25.3.2025.&#8221; open=&#8221;on&#8221; _builder_version=&#8221;4.25.0&#8243; _module_preset=&#8221;default&#8221; global_colors_info=&#8221;{}&#8221;]<\/p>\n<p><a href=\"https:\/\/os-sradic-im.skole.hr\/wp-content\/uploads\/sites\/1345\/2025\/03\/Zapisnik-o-prethodnim-rezultatima-izbora-za-predstavnika-radnika-u-SO.pdf\" rel=\"attachment wp-att-297084\">Zapisnik o prethodnim rezultatima izbora za predstavnika radnika u \u0160O<\/a><\/p>\n<p>[\/et_pb_accordion_item][\/et_pb_accordion][et_pb_accordion _builder_version=&#8221;4.25.0&#8243; _module_preset=&#8221;default&#8221; global_colors_info=&#8221;{}&#8221;][et_pb_accordion_item title=&#8221;10.3.2025.&#8221; open=&#8221;on&#8221; _builder_version=&#8221;4.25.0&#8243; _module_preset=&#8221;default&#8221; global_colors_info=&#8221;{}&#8221;]<\/p>\n<p><a href=\"https:\/\/os-sradic-im.skole.hr\/wp-content\/uploads\/sites\/1345\/2025\/03\/Odluka-o-provodenju-izbora-za-predstavnika-radnika-u-SO.pdf\" rel=\"attachment wp-att-296832\">Odluka o provo\u0111enju izbora za predstavnika radnika u \u0160O<\/a><\/p>\n<p>[\/et_pb_accordion_item][\/et_pb_accordion][et_pb_accordion _builder_version=&#8221;4.25.0&#8243; _module_preset=&#8221;default&#8221; global_colors_info=&#8221;{}&#8221;][et_pb_accordion_item title=&#8221;4.3.2025.&#8221; open=&#8221;on&#8221; _builder_version=&#8221;4.25.0&#8243; _module_preset=&#8221;default&#8221; global_colors_info=&#8221;{}&#8221;]<\/p>\n<p><a href=\"https:\/\/os-sradic-im.skole.hr\/wp-content\/uploads\/sites\/1345\/2025\/03\/Skup-radnika-poziv.pdf\" rel=\"attachment wp-att-296733\">Skup radnika &#8211; poziv<\/a><\/p>\n<p>[\/et_pb_accordion_item][\/et_pb_accordion][\/et_pb_column][\/et_pb_row][\/et_pb_section]<\/p>\n","protected":false},"excerpt":{"rendered":"<p>Zapisnik o kona\u010dnim rezultatimaZapisnik o prethodnim rezultatima izbora za predstavnika radnika u \u0160OOdluka o provo\u0111enju izbora za predstavnika radnika u \u0160OSkup radnika &#8211; poziv<\/p>\n","protected":false},"author":0,"featured_media":0,"parent":0,"menu_order":0,"comment_status":"closed","ping_status":"closed","template":"","meta":{"_et_pb_use_builder":"on","_et_pb_old_content":"","_et_gb_content_width":"","footnotes":""},"class_list":["post-56","page","type-page","status-publish","hentry"],"_links":{"self":[{"href":"https:\/\/os-sradic-im.skole.hr\/index.php?rest_route=\/wp\/v2\/pages\/56","targetHints":{"allow":["GET"]}}],"collection":[{"href":"https:\/\/os-sradic-im.skole.hr\/index.php?rest_route=\/wp\/v2\/pages"}],"about":[{"href":"https:\/\/os-sradic-im.skole.hr\/index.php?rest_route=\/wp\/v2\/types\/page"}],"replies":[{"embeddable":true,"href":"https:\/\/os-sradic-im.skole.hr\/index.php?rest_route=%2Fwp%2Fv2%2Fcomments&post=56"}],"version-history":[{"count":8,"href":"https:\/\/os-sradic-im.skole.hr\/index.php?rest_route=\/wp\/v2\/pages\/56\/revisions"}],"predecessor-version":[{"id":297147,"href":"https:\/\/os-sradic-im.skole.hr\/index.php?rest_route=\/wp\/v2\/pages\/56\/revisions\/297147"}],"wp:attachment":[{"href":"https:\/\/os-sradic-im.skole.hr\/index.php?rest_route=%2Fwp%2Fv2%2Fmedia&parent=56"}],"curies":[{"name":"wp","href":"https:\/\/api.w.org\/{rel}","templated":true}]}}

Školski odbor

<p>[et_pb_section fb_built=&#8221;1&#8243; _builder_version=&#8221;4.25.0&#8243; _module_preset=&#8221;default&#8221; global_colors_info=&#8221;{}&#8221;][et_pb_row _builder_version=&#8221;4.25.0&#8243; _module_preset=&#8221;default&#8221; global_colors_info=&#8221;{}&#8221;][et_pb_column type=&#8221;4_4&#8243; _builder_version=&#8221;4.25.0&#8243; _module_preset=&#8221;default&#8221; global_colors_info=&#8221;{}&#8221;][et_pb_accordion _builder_version=&#8221;4.25.0&#8243; _module_preset=&#8221;default&#8221; hover_enabled=&#8221;0&#8243; sticky_enabled=&#8221;0&#8243;][et_pb_accordion_item title=&#8221;31.3.2025.&#8221; _builder_version=&#8221;4.25.0&#8243; _module_preset=&#8221;default&#8221; open=&#8221;on&#8221; hover_enabled=&#8221;0&#8243; sticky_enabled=&#8221;0&#8243;]</p>
<p><a href="https://os-sradic-im.skole.hr/wp-content/uploads/sites/1345/2025/03/Zapisnik-o-konacnim-rezultatima.pdf" rel="attachment wp-att-297144">Zapisnik o konačnim rezultatima</a></p>
<p>[/et_pb_accordion_item][/et_pb_accordion][et_pb_accordion _builder_version=&#8221;4.25.0&#8243; _module_preset=&#8221;default&#8221; global_colors_info=&#8221;{}&#8221;][et_pb_accordion_item title=&#8221;25.3.2025.&#8221; open=&#8221;on&#8221; _builder_version=&#8221;4.25.0&#8243; _module_preset=&#8221;default&#8221; global_colors_info=&#8221;{}&#8221;]</p>
<p><a href="https://os-sradic-im.skole.hr/wp-content/uploads/sites/1345/2025/03/Zapisnik-o-prethodnim-rezultatima-izbora-za-predstavnika-radnika-u-SO.pdf" rel="attachment wp-att-297084">Zapisnik o prethodnim rezultatima izbora za predstavnika radnika u ŠO</a></p>
<p>[/et_pb_accordion_item][/et_pb_accordion][et_pb_accordion _builder_version=&#8221;4.25.0&#8243; _module_preset=&#8221;default&#8221; global_colors_info=&#8221;{}&#8221;][et_pb_accordion_item title=&#8221;10.3.2025.&#8221; open=&#8221;on&#8221; _builder_version=&#8221;4.25.0&#8243; _module_preset=&#8221;default&#8221; global_colors_info=&#8221;{}&#8221;]</p>
<p><a href="https://os-sradic-im.skole.hr/wp-content/uploads/sites/1345/2025/03/Odluka-o-provodenju-izbora-za-predstavnika-radnika-u-SO.pdf" rel="attachment wp-att-296832">Odluka o provođenju izbora za predstavnika radnika u ŠO</a></p>
<p>[/et_pb_accordion_item][/et_pb_accordion][et_pb_accordion _builder_version=&#8221;4.25.0&#8243; _module_preset=&#8221;default&#8221; global_colors_info=&#8221;{}&#8221;][et_pb_accordion_item title=&#8221;4.3.2025.&#8221; open=&#8221;on&#8221; _builder_version=&#8221;4.25.0&#8243; _module_preset=&#8221;default&#8221; global_colors_info=&#8221;{}&#8221;]</p>
<p><a href="https://os-sradic-im.skole.hr/wp-content/uploads/sites/1345/2025/03/Skup-radnika-poziv.pdf" rel="attachment wp-att-296733">Skup radnika &#8211; poziv</a></p>
<p>[/et_pb_accordion_item][/et_pb_accordion][/et_pb_column][/et_pb_row][/et_pb_section]</p>

<p>Zapisnik o konačnim rezultatimaZapisnik o prethodnim rezultatima izbora za predstavnika radnika u ŠOOdluka o provođenju izbora za predstavnika radnika u ŠOSkup radnika &#8211; poziv</p>
