{"id":293073,"date":"2024-09-11T10:33:30","date_gmt":"2024-09-11T08:33:30","guid":{"rendered":"https:\/\/os-sradic-im.skole.hr\/?page_id=293073"},"modified":"2026-02-10T12:58:26","modified_gmt":"2026-02-10T11:58:26","slug":"financijski-izvjestaji","status":"publish","type":"page","link":"https:\/\/os-sradic-im.skole.hr\/?page_id=293073","title":{"rendered":"Financijski izvje\u0161taji"},"content":{"rendered":"<p>[et_pb_section fb_built=&#8221;1&#8243; _builder_version=&#8221;4.25.0&#8243; _module_preset=&#8221;default&#8221; background_enable_pattern_style=&#8221;on&#8221; global_colors_info=&#8221;{}&#8221;][et_pb_row _builder_version=&#8221;4.25.0&#8243; _module_preset=&#8221;default&#8221; global_colors_info=&#8221;{}&#8221;][et_pb_column type=&#8221;4_4&#8243; _builder_version=&#8221;4.25.0&#8243; _module_preset=&#8221;default&#8221; global_colors_info=&#8221;{}&#8221;][et_pb_accordion _builder_version=&#8221;4.25.0&#8243; _module_preset=&#8221;default&#8221; hover_enabled=&#8221;0&#8243; global_colors_info=&#8221;{}&#8221; sticky_enabled=&#8221;0&#8243;][et_pb_accordion_item open=&#8221;on&#8221; _builder_version=&#8221;4.25.0&#8243; _module_preset=&#8221;default&#8221; hover_enabled=&#8221;0&#8243; global_colors_info=&#8221;{}&#8221; sticky_enabled=&#8221;0&#8243;]<\/p>\n<p>Financijski izvje\u0161taji 2025. &#8211; <a href=\"https:\/\/os-sradic-im.skole.hr\/wp-content\/uploads\/sites\/1345\/2026\/02\/17-030-001-RefStr-12-25.pdf\" rel=\"attachment wp-att-300744\">17-030-001-RefStr 12-25<\/a> <a href=\"https:\/\/os-sradic-im.skole.hr\/wp-content\/uploads\/sites\/1345\/2026\/02\/17-030-001-FI-12-25.xlsx\" rel=\"attachment wp-att-300747\">17-030-001-FI 12-25<\/a> <a href=\"https:\/\/os-sradic-im.skole.hr\/wp-content\/uploads\/sites\/1345\/2026\/02\/17-030-001-12132-BI-12-2025.pdf\" rel=\"attachment wp-att-300750\">17-030-001-12132-BI 12-2025<\/a><\/p>\n<p><a href=\"https:\/\/os-sradic-im.skole.hr\/wp-content\/uploads\/sites\/1345\/2025\/12\/FP-2026.-2028.pdf\" rel=\"attachment wp-att-300318\">FP 2026.-2028<\/a><\/p>\n<p><a href=\"https:\/\/os-sradic-im.skole.hr\/wp-content\/uploads\/sites\/1345\/2025\/12\/II-rebalans-FP-2025.pdf\" rel=\"attachment wp-att-300324\">II rebalans FP 2025<\/a><\/p>\n<p><a href=\"https:\/\/os-sradic-im.skole.hr\/wp-content\/uploads\/sites\/1345\/2026\/01\/Javna-objava-informacija-o-trosenju-sredstava-19.xlsx\" rel=\"attachment wp-att-300426\">Javna objava informacija o tro\u0161enju sredstava (19)<\/a><\/p>\n<p><a href=\"https:\/\/os-sradic-im.skole.hr\/wp-content\/uploads\/sites\/1345\/2025\/08\/Izvjestaj-o-izvrsenju-FP-1.1.-30.6.2025.pdf\" rel=\"attachment wp-att-298414\">Izvje\u0161taj o izvr\u0161enju FP 1.1.-30.6.2025<\/a><\/p>\n<p><a href=\"https:\/\/os-sradic-im.skole.hr\/wp-content\/uploads\/sites\/1345\/2025\/04\/Izvrsenje-FP-2024.-izvjesce.pdf\" rel=\"attachment wp-att-297477\">Izvr\u0161enje FP 2024. &#8211; izvje\u0161\u0107e<\/a><\/p>\n<p>Financijski izvje\u0161taji za 2024. &#8211; <a href=\"https:\/\/os-sradic-im.skole.hr\/wp-content\/uploads\/sites\/1345\/2025\/02\/17-030-001-12132-BI-12-2024.pdf\" rel=\"attachment wp-att-296271\">17-030-001-12132-BI 12-2024 \u00a0 \u00a0 <\/a><a href=\"https:\/\/os-sradic-im.skole.hr\/wp-content\/uploads\/sites\/1345\/2025\/02\/17-030-001-12132-FI-12-2024.xlsx\" rel=\"attachment wp-att-296277\">17-030-001-12132-FI 12-2024<\/a><\/p>\n<p><a href=\"https:\/\/os-sradic-im.skole.hr\/wp-content\/uploads\/sites\/1345\/2025\/01\/RebalansII.2024.pdf\" rel=\"attachment wp-att-295950\">Rebalans+II.+2024.<\/a><\/p>\n<p><a href=\"https:\/\/os-sradic-im.skole.hr\/wp-content\/uploads\/sites\/1345\/2025\/01\/FP2025.-2027.pdf\" rel=\"attachment wp-att-295956\">FP+2025.-2027.<\/a><\/p>\n<p><a href=\"https:\/\/os-sradic-im.skole.hr\/wp-content\/uploads\/sites\/1345\/2024\/09\/Financijski-izvjestaj_2023.pdf\" rel=\"attachment wp-att-293136\">Financijski izvje\u0161taj_2023<\/a><\/p>\n<p><a href=\"https:\/\/os-sradic-im.skole.hr\/wp-content\/uploads\/sites\/1345\/2024\/09\/FP_2024.-2026.pdf\" rel=\"attachment wp-att-293139\">FP_2024.-2026.<\/a><\/p>\n<p><a href=\"https:\/\/os-sradic-im.skole.hr\/wp-content\/uploads\/sites\/1345\/2024\/09\/Godisnje_izvjesce_o_izvrsenju_FP_2023.pdf\" rel=\"attachment wp-att-293142\">Godisnje_izvjesce_o_izvrsenju_FP_2023<\/a><\/p>\n<p><a href=\"https:\/\/os-sradic-im.skole.hr\/wp-content\/uploads\/sites\/1345\/2024\/09\/I._izmjene_i_dopune_FP_2024.pdf\" rel=\"attachment wp-att-293145\">I._izmjene_i_dopune_FP_2024<\/a><\/p>\n<p><a href=\"https:\/\/os-sradic-im.skole.hr\/wp-content\/uploads\/sites\/1345\/2024\/09\/I.rebalansFP2023.pdf\" rel=\"attachment wp-att-293148\">I.+rebalans+FP+2023.<\/a><\/p>\n<p><a href=\"https:\/\/os-sradic-im.skole.hr\/wp-content\/uploads\/sites\/1345\/2024\/09\/II._izmjene_i_dopune_FP_2023.pdf\" rel=\"attachment wp-att-293151\">II._izmjene_i_dopune_FP_2023.<\/a><\/p>\n<p><a href=\"https:\/\/os-sradic-im.skole.hr\/wp-content\/uploads\/sites\/1345\/2024\/09\/Izvjestaj_o_izvrsenju_FP_za_2022._godinu_.pdf\" rel=\"attachment wp-att-293154\">Izvjestaj_o_izvrsenju_FP_za_2022._godinu_<\/a><\/p>\n<p><a href=\"https:\/\/os-sradic-im.skole.hr\/wp-content\/uploads\/sites\/1345\/2024\/09\/IzvrsenjeFP30.6.2023.pdf\" rel=\"attachment wp-att-293157\">Izvrsenje+FP+30.6.2023.<\/a><\/p>\n<p>[\/et_pb_accordion_item][\/et_pb_accordion][\/et_pb_column][\/et_pb_row][\/et_pb_section]<\/p>\n","protected":false},"excerpt":{"rendered":"<p>Financijski izvje\u0161taji 2025. &#8211; 17-030-001-RefStr 12-25 17-030-001-FI 12-25 17-030-001-12132-BI 12-2025 FP 2026.-2028 II rebalans FP 2025 Javna objava informacija o tro\u0161enju sredstava (19) Izvje\u0161taj o izvr\u0161enju FP 1.1.-30.6.2025 Izvr\u0161enje FP 2024. &#8211; izvje\u0161\u0107e Financijski izvje\u0161taji za 2024. &#8211; 17-030-001-12132-BI 12-2024 \u00a0 \u00a0 17-030-001-12132-FI 12-2024 Rebalans+II.+2024. FP+2025.-2027. Financijski izvje\u0161taj_2023 FP_2024.-2026. Godisnje_izvjesce_o_izvrsenju_FP_2023 I._izmjene_i_dopune_FP_2024 I.+rebalans+FP+2023. II._izmjene_i_dopune_FP_2023. Izvjestaj_o_izvrsenju_FP_za_2022._godinu_ Izvrsenje+FP+30.6.2023.<\/p>\n","protected":false},"author":2840,"featured_media":0,"parent":0,"menu_order":0,"comment_status":"closed","ping_status":"closed","template":"","meta":{"_et_pb_use_builder":"on","_et_pb_old_content":"","_et_gb_content_width":"","footnotes":""},"class_list":["post-293073","page","type-page","status-publish","hentry"],"_links":{"self":[{"href":"https:\/\/os-sradic-im.skole.hr\/index.php?rest_route=\/wp\/v2\/pages\/293073","targetHints":{"allow":["GET"]}}],"collection":[{"href":"https:\/\/os-sradic-im.skole.hr\/index.php?rest_route=\/wp\/v2\/pages"}],"about":[{"href":"https:\/\/os-sradic-im.skole.hr\/index.php?rest_route=\/wp\/v2\/types\/page"}],"author":[{"embeddable":true,"href":"https:\/\/os-sradic-im.skole.hr\/index.php?rest_route=\/wp\/v2\/users\/2840"}],"replies":[{"embeddable":true,"href":"https:\/\/os-sradic-im.skole.hr\/index.php?rest_route=%2Fwp%2Fv2%2Fcomments&post=293073"}],"version-history":[{"count":35,"href":"https:\/\/os-sradic-im.skole.hr\/index.php?rest_route=\/wp\/v2\/pages\/293073\/revisions"}],"predecessor-version":[{"id":300756,"href":"https:\/\/os-sradic-im.skole.hr\/index.php?rest_route=\/wp\/v2\/pages\/293073\/revisions\/300756"}],"wp:attachment":[{"href":"https:\/\/os-sradic-im.skole.hr\/index.php?rest_route=%2Fwp%2Fv2%2Fmedia&parent=293073"}],"curies":[{"name":"wp","href":"https:\/\/api.w.org\/{rel}","templated":true}]}}

Financijski izvještaji

<p>[et_pb_section fb_built=&#8221;1&#8243; _builder_version=&#8221;4.25.0&#8243; _module_preset=&#8221;default&#8221; background_enable_pattern_style=&#8221;on&#8221; global_colors_info=&#8221;{}&#8221;][et_pb_row _builder_version=&#8221;4.25.0&#8243; _module_preset=&#8221;default&#8221; global_colors_info=&#8221;{}&#8221;][et_pb_column type=&#8221;4_4&#8243; _builder_version=&#8221;4.25.0&#8243; _module_preset=&#8221;default&#8221; global_colors_info=&#8221;{}&#8221;][et_pb_accordion _builder_version=&#8221;4.25.0&#8243; _module_preset=&#8221;default&#8221; hover_enabled=&#8221;0&#8243; global_colors_info=&#8221;{}&#8221; sticky_enabled=&#8221;0&#8243;][et_pb_accordion_item open=&#8221;on&#8221; _builder_version=&#8221;4.25.0&#8243; _module_preset=&#8221;default&#8221; hover_enabled=&#8221;0&#8243; global_colors_info=&#8221;{}&#8221; sticky_enabled=&#8221;0&#8243;]</p>
<p>Financijski izvještaji 2025. &#8211; <a href="https://os-sradic-im.skole.hr/wp-content/uploads/sites/1345/2026/02/17-030-001-RefStr-12-25.pdf" rel="attachment wp-att-300744">17-030-001-RefStr 12-25</a> <a href="https://os-sradic-im.skole.hr/wp-content/uploads/sites/1345/2026/02/17-030-001-FI-12-25.xlsx" rel="attachment wp-att-300747">17-030-001-FI 12-25</a> <a href="https://os-sradic-im.skole.hr/wp-content/uploads/sites/1345/2026/02/17-030-001-12132-BI-12-2025.pdf" rel="attachment wp-att-300750">17-030-001-12132-BI 12-2025</a></p>
<p><a href="https://os-sradic-im.skole.hr/wp-content/uploads/sites/1345/2025/12/FP-2026.-2028.pdf" rel="attachment wp-att-300318">FP 2026.-2028</a></p>
<p><a href="https://os-sradic-im.skole.hr/wp-content/uploads/sites/1345/2025/12/II-rebalans-FP-2025.pdf" rel="attachment wp-att-300324">II rebalans FP 2025</a></p>
<p><a href="https://os-sradic-im.skole.hr/wp-content/uploads/sites/1345/2026/01/Javna-objava-informacija-o-trosenju-sredstava-19.xlsx" rel="attachment wp-att-300426">Javna objava informacija o trošenju sredstava (19)</a></p>
<p><a href="https://os-sradic-im.skole.hr/wp-content/uploads/sites/1345/2025/08/Izvjestaj-o-izvrsenju-FP-1.1.-30.6.2025.pdf" rel="attachment wp-att-298414">Izvještaj o izvršenju FP 1.1.-30.6.2025</a></p>
<p><a href="https://os-sradic-im.skole.hr/wp-content/uploads/sites/1345/2025/04/Izvrsenje-FP-2024.-izvjesce.pdf" rel="attachment wp-att-297477">Izvršenje FP 2024. &#8211; izvješće</a></p>
<p>Financijski izvještaji za 2024. &#8211; <a href="https://os-sradic-im.skole.hr/wp-content/uploads/sites/1345/2025/02/17-030-001-12132-BI-12-2024.pdf" rel="attachment wp-att-296271">17-030-001-12132-BI 12-2024     </a><a href="https://os-sradic-im.skole.hr/wp-content/uploads/sites/1345/2025/02/17-030-001-12132-FI-12-2024.xlsx" rel="attachment wp-att-296277">17-030-001-12132-FI 12-2024</a></p>
<p><a href="https://os-sradic-im.skole.hr/wp-content/uploads/sites/1345/2025/01/RebalansII.2024.pdf" rel="attachment wp-att-295950">Rebalans+II.+2024.</a></p>
<p><a href="https://os-sradic-im.skole.hr/wp-content/uploads/sites/1345/2025/01/FP2025.-2027.pdf" rel="attachment wp-att-295956">FP+2025.-2027.</a></p>
<p><a href="https://os-sradic-im.skole.hr/wp-content/uploads/sites/1345/2024/09/Financijski-izvjestaj_2023.pdf" rel="attachment wp-att-293136">Financijski izvještaj_2023</a></p>
<p><a href="https://os-sradic-im.skole.hr/wp-content/uploads/sites/1345/2024/09/FP_2024.-2026.pdf" rel="attachment wp-att-293139">FP_2024.-2026.</a></p>
<p><a href="https://os-sradic-im.skole.hr/wp-content/uploads/sites/1345/2024/09/Godisnje_izvjesce_o_izvrsenju_FP_2023.pdf" rel="attachment wp-att-293142">Godisnje_izvjesce_o_izvrsenju_FP_2023</a></p>
<p><a href="https://os-sradic-im.skole.hr/wp-content/uploads/sites/1345/2024/09/I._izmjene_i_dopune_FP_2024.pdf" rel="attachment wp-att-293145">I._izmjene_i_dopune_FP_2024</a></p>
<p><a href="https://os-sradic-im.skole.hr/wp-content/uploads/sites/1345/2024/09/I.rebalansFP2023.pdf" rel="attachment wp-att-293148">I.+rebalans+FP+2023.</a></p>
<p><a href="https://os-sradic-im.skole.hr/wp-content/uploads/sites/1345/2024/09/II._izmjene_i_dopune_FP_2023.pdf" rel="attachment wp-att-293151">II._izmjene_i_dopune_FP_2023.</a></p>
<p><a href="https://os-sradic-im.skole.hr/wp-content/uploads/sites/1345/2024/09/Izvjestaj_o_izvrsenju_FP_za_2022._godinu_.pdf" rel="attachment wp-att-293154">Izvjestaj_o_izvrsenju_FP_za_2022._godinu_</a></p>
<p><a href="https://os-sradic-im.skole.hr/wp-content/uploads/sites/1345/2024/09/IzvrsenjeFP30.6.2023.pdf" rel="attachment wp-att-293157">Izvrsenje+FP+30.6.2023.</a></p>
<p>[/et_pb_accordion_item][/et_pb_accordion][/et_pb_column][/et_pb_row][/et_pb_section]</p>

<p>Financijski izvještaji 2025. &#8211; 17-030-001-RefStr 12-25 17-030-001-FI 12-25 17-030-001-12132-BI 12-2025 FP 2026.-2028 II rebalans FP 2025 Javna objava informacija o trošenju sredstava (19) Izvještaj o izvršenju FP 1.1.-30.6.2025 Izvršenje FP 2024. &#8211; izvješće Financijski izvještaji za 2024. &#8211; 17-030-001-12132-BI 12-2024     17-030-001-12132-FI 12-2024 Rebalans+II.+2024. FP+2025.-2027. Financijski izvještaj_2023 FP_2024.-2026. Godisnje_izvjesce_o_izvrsenju_FP_2023 I._izmjene_i_dopune_FP_2024 I.+rebalans+FP+2023. II._izmjene_i_dopune_FP_2023. Izvjestaj_o_izvrsenju_FP_za_2022._godinu_ Izvrsenje+FP+30.6.2023.</p>
