{"id":293064,"date":"2024-09-11T10:32:18","date_gmt":"2024-09-11T08:32:18","guid":{"rendered":"https:\/\/os-sradic-im.skole.hr\/?page_id=293064"},"modified":"2026-01-16T10:37:17","modified_gmt":"2026-01-16T09:37:17","slug":"pravilnici","status":"publish","type":"page","link":"https:\/\/os-sradic-im.skole.hr\/?page_id=293064","title":{"rendered":"Pravilnici"},"content":{"rendered":"<p>[et_pb_section fb_built=&#8221;1&#8243; _builder_version=&#8221;4.25.0&#8243; _module_preset=&#8221;default&#8221; global_colors_info=&#8221;{}&#8221;][et_pb_row _builder_version=&#8221;4.25.0&#8243; _module_preset=&#8221;default&#8221; global_colors_info=&#8221;{}&#8221;][et_pb_column type=&#8221;4_4&#8243; _builder_version=&#8221;4.25.0&#8243; _module_preset=&#8221;default&#8221; global_colors_info=&#8221;{}&#8221;][et_pb_accordion _builder_version=&#8221;4.25.0&#8243; _module_preset=&#8221;default&#8221; hover_enabled=&#8221;0&#8243; global_colors_info=&#8221;{}&#8221; sticky_enabled=&#8221;0&#8243;][et_pb_accordion_item open=&#8221;on&#8221; _builder_version=&#8221;4.25.0&#8243; _module_preset=&#8221;default&#8221; hover_enabled=&#8221;0&#8243; global_colors_info=&#8221;{}&#8221; sticky_enabled=&#8221;0&#8243;]<\/p>\n<p><a href=\"https:\/\/os-sradic-im.skole.hr\/wp-content\/uploads\/sites\/1345\/2026\/01\/Pravilnik-o-dopunama-Pravilnika-o-radu-prosinac-2025.docx\" rel=\"attachment wp-att-300417\">Pravilnik o dopunama Pravilnika o radu-prosinac 2025.<\/a><\/p>\n<p><a href=\"https:\/\/os-sradic-im.skole.hr\/wp-content\/uploads\/sites\/1345\/2026\/01\/Pravilnik-o-dopuni-Pravilnika-o-sistematizaciji-radnih-mjesta-prosinac-2025-.doc\" rel=\"attachment wp-att-300420\">Pravilnik o dopuni Pravilnika o sistematizaciji radnih mjesta-prosinac 2025 .<\/a><\/p>\n<p><a href=\"https:\/\/os-sradic-im.skole.hr\/wp-content\/uploads\/sites\/1345\/2025\/05\/Kucni-red-2025.docx.pdf\" rel=\"attachment wp-att-297576\">Ku\u0107ni red 2025..docx<\/a><\/p>\n<p><a href=\"https:\/\/narodne-novine.nn.hr\/clanci\/sluzbeni\/2013_11_132_2874.html\">Pravilnik o na\u010dinu postupanja odgojno-obrazovnih radnika \u0161kolskih ustanova u poduzimanju mjera za\u0161tite prava u\u010denika te prijave svakog kr\u0161enja tih prava nadle\u017enim tijelima https:\/\/narodne-novine.nn.hr\/clanci\/sluzbeni\/2013_11_132_2874.html<\/a><\/p>\n<p><a href=\"https:\/\/os-sradic-im.skole.hr\/wp-content\/uploads\/sites\/1345\/2025\/02\/Protokol-o-postupanju-u-slucaju-nasilja-medu-djecom-i-mladima.pdf\" rel=\"attachment wp-att-296295\">Protokol o postupanju u slu\u010daju nasilja me\u0111u djecom i mladima<\/a><\/p>\n<p><a href=\"https:\/\/os-sradic-im.skole.hr\/wp-content\/uploads\/sites\/1345\/2024\/09\/Izmjene_i_dopune_Pravilnika_o_kucnom_redu.pdf\" rel=\"attachment wp-att-293196\">Izmjene_i_dopune_Pravilnika_o_kucnom_redu<\/a><a href=\"https:\/\/os-sradic-im.skole.hr\/wp-content\/uploads\/sites\/1345\/2024\/09\/Pravilnik_o_nenamjenskim_donacijama_i_vlastitim_prihodima.pdf\" rel=\"attachment wp-att-293097\"><\/a><\/p>\n<p><a href=\"https:\/\/os-sradic-im.skole.hr\/wp-content\/uploads\/sites\/1345\/2024\/10\/Eticki-kodeks-OS-Stjepan-Radic-Imotski.pdf\" rel=\"attachment wp-att-294417\">Eticki kodeks OS Stjepan Radic Imotski<\/a><\/p>\n<p><a href=\"https:\/\/os-sradic-im.skole.hr\/wp-content\/uploads\/sites\/1345\/2024\/09\/Pravilnik_o_nenamjenskim_donacijama_i_vlastitim_prihodima.pdf\" rel=\"attachment wp-att-293097\">Pravilnik_o_nenamjenskim_donacijama_i_vlastitim_prihodima<\/a><\/p>\n<p><a href=\"https:\/\/os-sradic-im.skole.hr\/wp-content\/uploads\/sites\/1345\/2024\/09\/Pravilnik_o_postupku_unutarnjeg_prijavljivanja_nepravilnosti.pdf\" rel=\"attachment wp-att-293100\">Pravilnik_o_postupku_unutarnjeg_prijavljivanja_nepravilnosti<\/a><\/p>\n<p><a href=\"https:\/\/os-sradic-im.skole.hr\/wp-content\/uploads\/sites\/1345\/2024\/09\/Pravilnik_o_postupku_zaposljavanja.pdf\" rel=\"attachment wp-att-293103\">Pravilnik_o_postupku_zaposljavanja<\/a><\/p>\n<p><a href=\"https:\/\/os-sradic-im.skole.hr\/wp-content\/uploads\/sites\/1345\/2024\/09\/Pravilnik_o_provedbi_postupka_javne_nabave.pdf\" rel=\"attachment wp-att-293106\">Pravilnik_o_provedbi_postupka_javne_nabave<\/a><\/p>\n<p><a href=\"https:\/\/os-sradic-im.skole.hr\/wp-content\/uploads\/sites\/1345\/2024\/09\/Pravilnik_o_radu.pdf\" rel=\"attachment wp-att-293109\">Pravilnik_o_radu<\/a><\/p>\n<p><a href=\"https:\/\/os-sradic-im.skole.hr\/wp-content\/uploads\/sites\/1345\/2024\/09\/Pravilnik_o_radu_2023.pdf\" rel=\"attachment wp-att-293112\">Pravilnik_o_radu_2023.<\/a><\/p>\n<p><a href=\"https:\/\/os-sradic-im.skole.hr\/wp-content\/uploads\/sites\/1345\/2024\/09\/Pravilnik_o_radu_skolske_knjiznice_2023.pdf\" rel=\"attachment wp-att-293115\">Pravilnik_o_radu_skolske_knjiznice_2023.<\/a><\/p>\n<p><a href=\"https:\/\/os-sradic-im.skole.hr\/wp-content\/uploads\/sites\/1345\/2024\/09\/Pravilnik_o_sistematizaciji_radnih_mjesta.pdf\" rel=\"attachment wp-att-293118\">Pravilnik_o_sistematizaciji_radnih_mjesta<\/a><\/p>\n<p><a href=\"https:\/\/os-sradic-im.skole.hr\/wp-content\/uploads\/sites\/1345\/2024\/09\/Pravilnik_o_stetnosti_duhanskih_proizvoda.pdf\" rel=\"attachment wp-att-293121\">Pravilnik_o_stetnosti_duhanskih_proizvoda<\/a><\/p>\n<p><a href=\"https:\/\/os-sradic-im.skole.hr\/wp-content\/uploads\/sites\/1345\/2024\/09\/Pravilnik_o_videonadzoru.pdf\" rel=\"attachment wp-att-293124\">Pravilnik_o_videonadzoru<\/a><\/p>\n<p><a href=\"https:\/\/os-sradic-im.skole.hr\/wp-content\/uploads\/sites\/1345\/2024\/09\/Pravinik_o_izmjenama_i_dopunama_Pravilnika_o_radu.docx.pdf\" rel=\"attachment wp-att-293127\">Pravinik_o_izmjenama_i_dopunama<\/a><a href=\"https:\/\/os-sradic-im.skole.hr\/wp-content\/uploads\/sites\/1345\/2024\/09\/Pravinik_o_izmjenama_i_dopunama_Pravilnika_o_radu.docx.pdf\" rel=\"attachment wp-att-293127\">_Pravilnika_o_radu.docx<\/a><\/p>\n<p><a href=\"https:\/\/os-sradic-im.skole.hr\/wp-content\/uploads\/sites\/1345\/2025\/07\/Popis-dokumentarnog-gradiva-s-rokovima-cuvanja.pdf\" rel=\"attachment wp-att-298393\">Popis dokumentarnog gradiva s rokovima \u010duvanja<\/a><\/p>\n<p><a href=\"https:\/\/os-sradic-im.skole.hr\/wp-content\/uploads\/sites\/1345\/2025\/07\/Pravila-za-upravljanje-dokumentarnim-gradivom.pdf\" rel=\"attachment wp-att-298396\">Pravila za upravljanje dokumentarnim gradivom<\/a><\/p>\n<p>[\/et_pb_accordion_item][\/et_pb_accordion][\/et_pb_column][\/et_pb_row][\/et_pb_section]<\/p>\n","protected":false},"excerpt":{"rendered":"<p>Pravilnik o dopunama Pravilnika o radu-prosinac 2025. Pravilnik o dopuni Pravilnika o sistematizaciji radnih mjesta-prosinac 2025 . Ku\u0107ni red 2025..docx Pravilnik o na\u010dinu postupanja odgojno-obrazovnih radnika \u0161kolskih ustanova u poduzimanju mjera za\u0161tite prava u\u010denika te prijave svakog kr\u0161enja tih prava nadle\u017enim tijelima https:\/\/narodne-novine.nn.hr\/clanci\/sluzbeni\/2013_11_132_2874.html Protokol o postupanju u slu\u010daju nasilja me\u0111u djecom i mladima Izmjene_i_dopune_Pravilnika_o_kucnom_redu Eticki [&hellip;]<\/p>\n","protected":false},"author":2840,"featured_media":0,"parent":0,"menu_order":0,"comment_status":"closed","ping_status":"closed","template":"","meta":{"_et_pb_use_builder":"on","_et_pb_old_content":"<!-- wp:divi\/placeholder \/-->","_et_gb_content_width":"","footnotes":""},"class_list":["post-293064","page","type-page","status-publish","hentry"],"_links":{"self":[{"href":"https:\/\/os-sradic-im.skole.hr\/index.php?rest_route=\/wp\/v2\/pages\/293064","targetHints":{"allow":["GET"]}}],"collection":[{"href":"https:\/\/os-sradic-im.skole.hr\/index.php?rest_route=\/wp\/v2\/pages"}],"about":[{"href":"https:\/\/os-sradic-im.skole.hr\/index.php?rest_route=\/wp\/v2\/types\/page"}],"author":[{"embeddable":true,"href":"https:\/\/os-sradic-im.skole.hr\/index.php?rest_route=\/wp\/v2\/users\/2840"}],"replies":[{"embeddable":true,"href":"https:\/\/os-sradic-im.skole.hr\/index.php?rest_route=%2Fwp%2Fv2%2Fcomments&post=293064"}],"version-history":[{"count":10,"href":"https:\/\/os-sradic-im.skole.hr\/index.php?rest_route=\/wp\/v2\/pages\/293064\/revisions"}],"predecessor-version":[{"id":300423,"href":"https:\/\/os-sradic-im.skole.hr\/index.php?rest_route=\/wp\/v2\/pages\/293064\/revisions\/300423"}],"wp:attachment":[{"href":"https:\/\/os-sradic-im.skole.hr\/index.php?rest_route=%2Fwp%2Fv2%2Fmedia&parent=293064"}],"curies":[{"name":"wp","href":"https:\/\/api.w.org\/{rel}","templated":true}]}}